- 44. What are the prime factors of m(-9)?
2, 2087
Suppose 0 = 26*s - 25*s - 245. What are the prime factors of 6/(s/(-1260)*(-4)/14)?
2, 3
Let g(f) = -3*f**3 - 110*f**2 + 34*f - 90. Let m be g(-37). List the prime factors of ((-1566)/m)/(1/(-21)).
2, 3, 29
Let s(v) = -38*v - 16. Let w be s(-10). Suppose 4*g = w - 72. List the prime factors of g.
73
Let m(n) = n**3 - 6*n + 15. Let v be m(3). List the prime factors of ((-1494)/72)/((-2)/v).
3, 83
Let s(i) = -2*i**2 - 4 + 7 + 7*i + 5*i. Let k(f) = -5*f**2 + 36*f + 9. Let l(g) = 3*k(g) - 8*s(g). What are the prime factors of l(-20)?
163
Let n = -138 - -107. Let l = -26 - n. Suppose -l*o - 131 = -961. What are the prime factors of o?
2, 83
Suppose -6*p + 90*k = 85*k - 179512, -5*p = -k - 149606. What are the prime factors of p?
2, 3, 4987
Let k = 480 - 770. Let n = 339 + k. What are the prime factors of n?
7
Let i = 17865 + -6554. List the prime factors of i.
11311
Let k(y) = 65*y + 8063. List the prime factors of k(0).
11, 733
Let t = 11769 + -5717. What are the prime factors of t?
2, 17, 89
Suppose 69 = 5*z + 3*r, -6*z - 4*r - 24 = -9*z. Let d = z + 281. List the prime factors of d.
293
Suppose -7*x = -12*x. Let u(n) = -5*n + 272. List the prime factors of u(x).
2, 17
Let q be 4 + (-4686)/((-30)/5). Suppose i = 4*y + q, i + 3*y = 6*i - 3993. List the prime factors of i.
3, 89
Suppose -886466 = -230*y + 461*y - 277*y. What are the prime factors of y?
7, 2753
Suppose -91 = -21*i + 28*i. Let o(f) = 2*f**2 + 16*f + 10. List the prime factors of o(i).
2, 5, 7
List the prime factors of (3/36)/(78/39458952).
42157
Let y(s) be the first derivative of -10*s**3 - 3*s**2/2 - 5*s + 9. Let b be y(-2). Let m = b + 225. What are the prime factors of m?
2, 53
Let t = -106 - -108. Suppose -x - 5*g - 8 = 0, 2*x = 3*g + t*g + 44. What are the prime factors of -2 + 36*80/x?
2, 7, 17
Let o = 176 + -150. Suppose -o*s = -13*s - 6344. What are the prime factors of s?
2, 61
Suppose -5*y = -2*y - 5*d - 179163, 5*d + 30 = 0. List the prime factors of y.
29, 71
Let w be (-6 - 2)*(-10)/40. Suppose -5 = w*b - 271. Let a = b + -68. List the prime factors of a.
5, 13
Let o = 13571 + 3014. List the prime factors of o.
5, 31, 107
Let p(h) = -760*h + 519. List the prime factors of p(-26).
7, 2897
Suppose 4*t + f = 4*f - 27, 31 = -2*t + 5*f. List the prime factors of 2 + t + 482/2.
2, 3, 5
Let b(c) = -c**3 + 9*c**2 + 15*c - 13. Let n be b(10). Let u = 173 - n. List the prime factors of u.
2, 17
Let s = -147 + 149. Suppose 0 = -12*o + s*o + 20. List the prime factors of o.
2
Suppose 16491 + 5525 = q + 5*s, -5*s = -15. What are the prime factors of q?
7, 449
Let n = 9215 + -9010. List the prime factors of n.
5, 41
Let d(h) = h**3 + 54*h**2 + h + 6077. What are the prime factors of d(0)?
59, 103
Let c(k) = -k**2 + 27*k - 121. Let a be c(14). Suppose 5*m - 59*v + a*v - 4349 = 0, -3*m = -3*v - 2622. List the prime factors of m.
13, 67
Suppose -h = 3*b - b - 3, 5*h + 4*b - 9 = 0. List the prime factors of ((-10)/(-10))/1*827/h.
827
Suppose 3*v = 2758 + 179. Let z = -1595 + v. What are the prime factors of 186/14 + (-11)/(z/(-16))?
13
Suppose -17 = g + 35. Let x(f) = -f**2 - 14*f + 10. Let l be x(-13). Let n = l - g. What are the prime factors of n?
3, 5
Suppose 442*h - 441*h = -6. Let c(u) be the second derivative of u**4/12 - 7*u**3/6 - 17*u**2/2 + 3*u. List the prime factors of c(h).
61
Suppose -7*f + 4 - 32 = 0. List the prime factors of 1 + -5 - (f + -3261)/5.
11, 59
Suppose -269*h - 3017 + 549625 = 0. What are the prime factors of h?
2, 127
Let v be ((-15)/(735/56))/(1/(-28)). Suppose v*u = 8*u + 44760. List the prime factors of u.
5, 373
Suppose 16*s + a - 23 = 18*s, -a = 5*s + 47. Let p = -79 + 45. Let i = s - p. List the prime factors of i.
2, 3
Let y be 189*5/((-30)/(-2)). Let d = y + -59. Suppose -d*u = j - 162, -4*j = 2*u - 0*u - 592. List the prime factors of j.
2, 73
Let g be (-7 - (30761 - -3)) + 5 + -2. What are the prime factors of 20/8*(g/20)/(-6)?
641
Suppose 2*a = -6, 4356 = -4*f - 2*a + 27082. Let h = f + -3923. List the prime factors of (-4)/7 + h/140.
2, 3
Let f be (-79929)/(-6) - ((-30)/12 + 3). Suppose -10*a - a = -f. What are the prime factors of a?
7, 173
Let l = -1844 - -7372. List the prime factors of l.
2, 691
Suppose -q + 11 = 15. Let f = q + 5. Let s = 48 - f. List the prime factors of s.
47
Suppose -90*w = -b - 89*w + 184, 4*b = -2*w + 706. List the prime factors of b.
179
Let b = -989 + 993. Suppose y + 1774 = c - 4*y, -b*y + 1783 = c. What are the prime factors of c?
3, 593
Suppose -3*q + 9 = -4*v, 0*q + 5 = -5*v + 5*q. Let n be v*(-6)/(-9) + 7. Suppose 0 = -n*p - 5*w + 252 + 146, -5*p = 5*w - 670. What are the prime factors of p?
2, 17
Suppose 27*j - 3*j + 456 = 0. Let l(o) = -o**2 - 30*o - 65. What are the prime factors of l(j)?
2, 3
Suppose -5*r + 4 = m - 16, -4*r = -4*m + 80. Suppose -7 - m = -9*p. Suppose u + p*u - 40 = 0. What are the prime factors of u?
2, 5
Let t = 1850 + 6859. What are the prime factors of t?
3, 2903
Suppose 681*w = 679*w - 1416. Let f = 1466 + w. What are the prime factors of f?
2, 379
Suppose 5*d + u = 17640, -5*d + 5*u = 9*u - 17655. List the prime factors of d.
3527
Suppose s + 4*y + 11 = 0, -3*y + 9 = -2*s + 20. What are the prime factors of 3*(-1 - (-195)/9)*s?
2, 31
Let y(d) be the third derivative of -d**6/40 - d**5/30 - 5*d**4/24 - d**3/2 - 3*d**2 + 41*d. Suppose -9 = -f + 4*f. List the prime factors of y(f).
3, 5
Let h = 3 - 8. List the prime factors of ((-19)/h - (-27)/135)*79.
2, 79
List the prime factors of (-8)/(-2) - (158/(-4))/((-11)/(-4334)).
3, 5189
Let r = 7 + 8. Suppose 10*j + 275 = r*j. Suppose -2*p = 3*t - 2, -5*t = -0*p - 5*p + j. List the prime factors of p.
7
Suppose 0 = 68*p - 129559 + 48535 - 140928. What are the prime factors of p?
2, 3, 17
Let x = 23 - -171. Suppose -x = -2*l + 506. What are the prime factors of l?
2, 5, 7
Suppose 2*t + 8*d = 6*d + 33168, -5*t + 82906 = 3*d. List the prime factors of t.
11, 137
Let a(q) = q**2 - 5*q - 2. Let y be 4 + 6 + (-4)/1. Let w be a(y). What are the prime factors of (-1)/(-8)*w*46?
23
Suppose 45*o + 41*o - 1408696 - 1227032 = 0. List the prime factors of o.
2, 3, 1277
Suppose -2*o - 12*p = -13*p - 11551, -12 = 4*p. List the prime factors of o.
2, 2887
Suppose -69*d + 4*t = -72*d + 118636, 0 = 5*d - 4*t - 197780. What are the prime factors of d?
2, 3, 103
Let x = 482 + -478. Let y(b) = -b**2 + 11*b - 8. List the prime factors of y(x).
2, 5
Let o(a) = 22*a + 12. Let f(x) = -x - 1. Let b(k) = -12*f(k) - o(k). Let t be b(1). Let p = t - -56. What are the prime factors of p?
2, 23
Let u = 381 + -790. Let m = 611 + u. List the prime factors of m.
2, 101
Let t(k) = 10*k - 15. Suppose -3*w + 2*b = 128, 2*w - 5*b + 53 = -14. Let u be w/(-10) - (-6)/15. What are the prime factors of t(u)?
5, 7
Let n be 3*1/(-9) - (-1072)/3. Suppose 0 = 3*o - 3*g - n, -4*o = 5*g - 734 + 240. List the prime factors of o.
11
List the prime factors of ((-17)/17 - 1) + 54443.
3, 23, 263
Let r = -21577 - -67740. What are the prime factors of r?
13, 53, 67
Suppose -218*j + 3680040 = 62*j. List the prime factors of j.
3, 13, 337
Let s(h) = -1161*h + 11810. What are the prime factors of s(-25)?
5, 8167
List the prime factors of ((-16)/(-88) + (-584296)/(-132))/(2/6).
2, 5, 83
Suppose -5*u - l - 2*l + 7 = 0, 4*u + 12 = 2*l. List the prime factors of 5 + (267 - (u - 0)).
3, 7, 13
Let j(p) = 2*p**2 + 3*p - 13. Let i be j(12). Suppose o = 0, -4*o = -3*r + 1406 - i. List the prime factors of r.
5, 73
Let f(x) = -7*x - 336. Let g be f(-49). Let c(t) = 3*t**3 - 8*t**2 - 2*t + 9. What are the prime factors of c(g)?
2, 79
Suppose 2 = f - t, -1 = t - 4. Suppose f*m = 4*m. What are the prime factors of (m + 38)*(-95)/(-38)?
5, 19
Let v = 2332 + 8712. What are the prime factors of v?
2, 11, 251
Let w(x) = x**2 + x - 1. Let v(t) = -4*t**2 + 9*t + 38. Let l(q) = -v(q) - 5*w(q). Let c be l(-11). Let z(y) = -4*y + 97. What are the prime factors of z(c)?
97
Suppose 83 + 373 = -6*n. Let y = -73 - n. Suppose -y*b + 696 = b. List the prime factors of b.
2, 3, 29
List the prime factors of (9/27)/((-3)/(-130554)).
2, 7253
Suppose -4*c + t = 6*t + 32, 3*t = 3*c - 3. Suppose -3*m = 62 - 80. What are the prime factors of 1/c + 2 + 314/m?
2, 3
Let w(g) = -4*g + 825